{"id":7876,"date":"2026-04-18T12:46:41","date_gmt":"2026-04-18T10:46:41","guid":{"rendered":"https:\/\/www.somicmf.org\/proyecto-iii-dia-de-la-mision-claretiana-2026\/"},"modified":"2026-04-27T18:29:47","modified_gmt":"2026-04-27T16:29:47","slug":"proyecto-iii-dia-de-la-mision-claretiana-2026","status":"publish","type":"page","link":"https:\/\/www.somicmf.org\/es\/proyecto-iii-dia-de-la-mision-claretiana-2026\/","title":{"rendered":"Proyecto III &#8211; D\u00eda de la Misi\u00f3n Claretiana 2026"},"content":{"rendered":"<div class=\"et_pb_section_0 et_pb_section et_section_regular et_flex_section\">\n<div class=\"et_pb_row_0 et_pb_row et_flex_row\">\n<div class=\"et_pb_column_0 et_pb_column et-last-child et_flex_column et_pb_css_mix_blend_mode_passthrough et_flex_column_24_24 et_flex_column_24_24_tablet et_flex_column_24_24_phone\">\n<div class=\"et_pb_text_0 et_pb_text et_pb_bg_layout_light et_pb_module et_flex_module\"><div class=\"et_pb_text_inner\"><h1 style=\"text-align: center;\">Proyecto III<\/h1>\n<p><\/p>\n<h2 style=\"text-align: center;\">D\u00eda de la misi\u00f3n claretiana 2026<\/h2>\n<\/div><\/div>\n<\/div>\n<\/div>\n\n<div class=\"et_pb_row_1 et_pb_row et_flex_row\">\n<div class=\"et_pb_column_1 et_pb_column et-last-child et_flex_column et_pb_css_mix_blend_mode_passthrough et_flex_column_24_24 et_flex_column_24_24_tablet et_flex_column_24_24_phone\">\n<div class=\"et_pb_video_0 et_pb_video et_pb_module et_flex_module\"><div class=\"et_pb_video_box\"><iframe loading=\"lazy\" title=\"Project 3 : Laipharok - Claretian Mission Day 2026\" width=\"1080\" height=\"608\" src=\"https:\/\/www.youtube.com\/embed\/54fsUEW5axw?feature=oembed\"  allow=\"accelerometer; autoplay; clipboard-write; encrypted-media; gyroscope; picture-in-picture; web-share\" referrerpolicy=\"strict-origin-when-cross-origin\" allowfullscreen><\/iframe><\/div><div class=\"et_pb_video_overlay\" style=\"background-image:url(https:\/\/www.somicmf.org\/wp-content\/uploads\/2026\/04\/EN-ES-IT-PT-3.png)\"><div class=\"et_pb_video_overlay_hover\"><a class=\"et_pb_video_play\" href=\"#\"><\/a><\/div><\/div><\/div>\n<\/div>\n<\/div>\n\n<div class=\"et_pb_row_2 et_pb_row et_flex_row\">\n<div class=\"et_pb_column_2 et_pb_column et-last-child et_flex_column et_pb_css_mix_blend_mode_passthrough et_flex_column_24_24 et_flex_column_24_24_tablet et_flex_column_24_24_phone\">\n<div class=\"et_pb_text_1 et_pb_text et_pb_bg_layout_light et_pb_module et_flex_module\"><div class=\"et_pb_text_inner\"><h1 style=\"text-align: center;\">Escuela y programa educativo para ni\u00f1os tribales desplazados\u00a0<\/h1>\n<\/div><\/div>\n\n<div class=\"et_pb_text_2 et_pb_text et_pb_bg_layout_light et_pb_module et_flex_module\"><div class=\"et_pb_text_inner\"><p style=\"text-align: center;\">Ubicaci\u00f3n:\u00a0<strong>Aldea de Laipharok, Distrito de Senapati, Estado de Manipur, INDIA<\/strong><br \/>Entidad solicitante:\u00a0<strong>Provincia de Northeast India \u2013Misioneros Claretianos<\/strong><br \/>Contacto local:\u00a0<strong>P. Janardhan Munnelli, cmf \u2013 Procurador de Misiones NEI<\/strong><br \/>Duraci\u00f3n:\u00a0<strong>1 a\u00f1o (Fase I)<\/strong><br \/>Coste total:\u00a0<strong>35.000,00 \u20ac<\/strong><br \/>Fondos necesarios:\u00a0<strong>25.000,00 \u20ac<\/strong><\/p>\n<\/div><\/div>\n\n<div class=\"et_pb_text_3 et_pb_text et_pb_bg_layout_light et_pb_module et_flex_module\"><div class=\"et_pb_text_inner\" data-et-mv-hidden-phone=\"true\"><p style=\"text-align: center;\">En la aldea de Laipharok y sus alrededores, las comunidades tribales minoritarias afrontan un profundo miedo, aislamiento y desplazamiento tras los recientes conflictos \u00e9tnicos. Las familias han sido desarraigadas, sus medios de vida destruidos y muchos ni\u00f1os han quedado hu\u00e9rfanos o semihu\u00e9rfanos. Sin espacios seguros donde aprender ni reconstruir una cierta normalidad, estos j\u00f3venes crecen en medio de la incertidumbre y el trauma.<\/p>\n<p><\/p>\n<p style=\"text-align: center;\">Este proyecto busca responder a esta realidad urgente mediante la creaci\u00f3n de un centro educativo con internado: un lugar seguro donde los ni\u00f1os desplazados puedan estudiar, recibir cuidado y encontrar estabilidad emocional.<\/p>\n<p><\/p>\n<p style=\"text-align: center;\">M\u00e1s all\u00e1 de la ense\u00f1anza, el centro pretende fomentar la convivencia pac\u00edfica entre diversos grupos tribales que durante a\u00f1os han estado atrapados en ciclos de violencia. Los claretianos, de reciente presencia en la regi\u00f3n, est\u00e1n comprometidos con la promoci\u00f3n de la comunidad mediante la educaci\u00f3n y el acompa\u00f1amiento a largo plazo.<\/p>\n<p><\/p>\n<p style=\"text-align: center;\">Al crear un entorno seguro y acogedor, este proyecto ofrecer\u00e1 a los ni\u00f1os protecci\u00f3n, esperanza y las bases para un futuro m\u00e1s pac\u00edfico, donde la educaci\u00f3n se convierta en el camino para salir del desplazamiento y el conflicto.<\/p>\n<\/div><\/div>\n<\/div>\n<\/div>\n\n<div class=\"et_pb_row_3 et_pb_row et_flex_row\">\n<div class=\"et_pb_column_3 et_pb_column et-last-child et_flex_column et_pb_css_mix_blend_mode_passthrough et_flex_column_24_24 et_flex_column_24_24_tablet et_flex_column_24_24_phone\">\n<div class=\"et_pb_module et_pb_button_module_wrapper et_pb_button_0_wrapper\"><a class=\"et_pb_button_0 et_pb_button et_pb_bg_layout_light et_pb_module et_flex_module\" href=\"https:\/\/www.paypal.com\/donate?campaign_id=69B7VQQVTXKHG\" target=\"_blank\" data-icon=\"\uf4be\">Dona ahora<\/a><\/div>\n<\/div>\n<\/div>\n\n<div class=\"et_pb_row_4 et_pb_row et_flex_row\">\n<div class=\"et_pb_column_4 et_pb_column et_flex_column et_pb_css_mix_blend_mode_passthrough et_flex_column_12_24 et_flex_column_12_24_tablet et_flex_column_24_24_phone\">\n<div class=\"et_pb_module et_pb_button_module_wrapper et_pb_button_1_wrapper\"><a class=\"et_pb_button_1 et_pb_button et_pb_bg_layout_light et_pb_module et_flex_module\" href=\"https:\/\/www.somicmf.org\/project-i-claretian-mission-day-2026-2\/\" target=\"_blank\" data-icon=\"9\">Proyecto i<\/a><\/div>\n<\/div>\n\n<div class=\"et_pb_column_5 et_pb_column et-last-child et_flex_column et_pb_css_mix_blend_mode_passthrough et_flex_column_12_24 et_flex_column_12_24_tablet et_flex_column_24_24_phone\">\n<div class=\"et_pb_module et_pb_button_module_wrapper et_pb_button_2_wrapper\"><a class=\"et_pb_button_2 et_pb_button et_pb_bg_layout_light et_pb_module et_flex_module\" href=\"https:\/\/www.somicmf.org\/es\/proyecto-ii-dia-de-la-mision-claretiana-2026\/\" target=\"_blank\" data-icon=\"9\">Proyecto II<\/a><\/div>\n<\/div>\n<\/div>\n<\/div>","protected":false},"excerpt":{"rendered":"","protected":false},"author":12,"featured_media":0,"parent":0,"menu_order":0,"comment_status":"closed","ping_status":"closed","template":"","meta":{"footnotes":""},"class_list":["post-7876","page","type-page","status-publish","hentry"],"_links":{"self":[{"href":"https:\/\/www.somicmf.org\/es\/wp-json\/wp\/v2\/pages\/7876","targetHints":{"allow":["GET"]}}],"collection":[{"href":"https:\/\/www.somicmf.org\/es\/wp-json\/wp\/v2\/pages"}],"about":[{"href":"https:\/\/www.somicmf.org\/es\/wp-json\/wp\/v2\/types\/page"}],"author":[{"embeddable":true,"href":"https:\/\/www.somicmf.org\/es\/wp-json\/wp\/v2\/users\/12"}],"replies":[{"embeddable":true,"href":"https:\/\/www.somicmf.org\/es\/wp-json\/wp\/v2\/comments?post=7876"}],"version-history":[{"count":2,"href":"https:\/\/www.somicmf.org\/es\/wp-json\/wp\/v2\/pages\/7876\/revisions"}],"predecessor-version":[{"id":7878,"href":"https:\/\/www.somicmf.org\/es\/wp-json\/wp\/v2\/pages\/7876\/revisions\/7878"}],"wp:attachment":[{"href":"https:\/\/www.somicmf.org\/es\/wp-json\/wp\/v2\/media?parent=7876"}],"curies":[{"name":"wp","href":"https:\/\/api.w.org\/{rel}","templated":true}]}}

Proyecto III &#8211; Día de la Misión Claretiana 2026

<div class="et_pb_section_0 et_pb_section et_section_regular et_flex_section">
<div class="et_pb_row_0 et_pb_row et_flex_row">
<div class="et_pb_column_0 et_pb_column et-last-child et_flex_column et_pb_css_mix_blend_mode_passthrough et_flex_column_24_24 et_flex_column_24_24_tablet et_flex_column_24_24_phone">
<div class="et_pb_text_0 et_pb_text et_pb_bg_layout_light et_pb_module et_flex_module"><div class="et_pb_text_inner"><h1 style="text-align: center;">Proyecto III</h1>
<p></p>
<h2 style="text-align: center;">Día de la misión claretiana 2026</h2>
</div></div>
</div>
</div>

<div class="et_pb_row_1 et_pb_row et_flex_row">
<div class="et_pb_column_1 et_pb_column et-last-child et_flex_column et_pb_css_mix_blend_mode_passthrough et_flex_column_24_24 et_flex_column_24_24_tablet et_flex_column_24_24_phone">
<div class="et_pb_video_0 et_pb_video et_pb_module et_flex_module"><div class="et_pb_video_box"><iframe loading="lazy" title="Project 3 : Laipharok - Claretian Mission Day 2026" width="1080" height="608" src="https://www.youtube.com/embed/54fsUEW5axw?feature=oembed"  allow="accelerometer; autoplay; clipboard-write; encrypted-media; gyroscope; picture-in-picture; web-share" referrerpolicy="strict-origin-when-cross-origin" allowfullscreen></iframe></div><div class="et_pb_video_overlay" style="background-image:url(https://www.somicmf.org/wp-content/uploads/2026/04/EN-ES-IT-PT-3.png)"><div class="et_pb_video_overlay_hover"><a class="et_pb_video_play" href="#"></a></div></div></div>
</div>
</div>

<div class="et_pb_row_2 et_pb_row et_flex_row">
<div class="et_pb_column_2 et_pb_column et-last-child et_flex_column et_pb_css_mix_blend_mode_passthrough et_flex_column_24_24 et_flex_column_24_24_tablet et_flex_column_24_24_phone">
<div class="et_pb_text_1 et_pb_text et_pb_bg_layout_light et_pb_module et_flex_module"><div class="et_pb_text_inner"><h1 style="text-align: center;">Escuela y programa educativo para niños tribales desplazados </h1>
</div></div>

<div class="et_pb_text_2 et_pb_text et_pb_bg_layout_light et_pb_module et_flex_module"><div class="et_pb_text_inner"><p style="text-align: center;">Ubicación: <strong>Aldea de Laipharok, Distrito de Senapati, Estado de Manipur, INDIA</strong><br />Entidad solicitante: <strong>Provincia de Northeast India –Misioneros Claretianos</strong><br />Contacto local: <strong>P. Janardhan Munnelli, cmf – Procurador de Misiones NEI</strong><br />Duración: <strong>1 año (Fase I)</strong><br />Coste total: <strong>35.000,00 €</strong><br />Fondos necesarios: <strong>25.000,00 €</strong></p>
</div></div>

<div class="et_pb_text_3 et_pb_text et_pb_bg_layout_light et_pb_module et_flex_module"><div class="et_pb_text_inner" data-et-mv-hidden-phone="true"><p style="text-align: center;">En la aldea de Laipharok y sus alrededores, las comunidades tribales minoritarias afrontan un profundo miedo, aislamiento y desplazamiento tras los recientes conflictos étnicos. Las familias han sido desarraigadas, sus medios de vida destruidos y muchos niños han quedado huérfanos o semihuérfanos. Sin espacios seguros donde aprender ni reconstruir una cierta normalidad, estos jóvenes crecen en medio de la incertidumbre y el trauma.</p>
<p></p>
<p style="text-align: center;">Este proyecto busca responder a esta realidad urgente mediante la creación de un centro educativo con internado: un lugar seguro donde los niños desplazados puedan estudiar, recibir cuidado y encontrar estabilidad emocional.</p>
<p></p>
<p style="text-align: center;">Más allá de la enseñanza, el centro pretende fomentar la convivencia pacífica entre diversos grupos tribales que durante años han estado atrapados en ciclos de violencia. Los claretianos, de reciente presencia en la región, están comprometidos con la promoción de la comunidad mediante la educación y el acompañamiento a largo plazo.</p>
<p></p>
<p style="text-align: center;">Al crear un entorno seguro y acogedor, este proyecto ofrecerá a los niños protección, esperanza y las bases para un futuro más pacífico, donde la educación se convierta en el camino para salir del desplazamiento y el conflicto.</p>
</div></div>
</div>
</div>

<div class="et_pb_row_3 et_pb_row et_flex_row">
<div class="et_pb_column_3 et_pb_column et-last-child et_flex_column et_pb_css_mix_blend_mode_passthrough et_flex_column_24_24 et_flex_column_24_24_tablet et_flex_column_24_24_phone">
<div class="et_pb_module et_pb_button_module_wrapper et_pb_button_0_wrapper"><a class="et_pb_button_0 et_pb_button et_pb_bg_layout_light et_pb_module et_flex_module" href="https://www.paypal.com/donate?campaign_id=69B7VQQVTXKHG" target="_blank" data-icon="">Dona ahora</a></div>
</div>
</div>

<div class="et_pb_row_4 et_pb_row et_flex_row">
<div class="et_pb_column_4 et_pb_column et_flex_column et_pb_css_mix_blend_mode_passthrough et_flex_column_12_24 et_flex_column_12_24_tablet et_flex_column_24_24_phone">
<div class="et_pb_module et_pb_button_module_wrapper et_pb_button_1_wrapper"><a class="et_pb_button_1 et_pb_button et_pb_bg_layout_light et_pb_module et_flex_module" href="https://www.somicmf.org/project-i-claretian-mission-day-2026-2/" target="_blank" data-icon="9">Proyecto i</a></div>
</div>

<div class="et_pb_column_5 et_pb_column et-last-child et_flex_column et_pb_css_mix_blend_mode_passthrough et_flex_column_12_24 et_flex_column_12_24_tablet et_flex_column_24_24_phone">
<div class="et_pb_module et_pb_button_module_wrapper et_pb_button_2_wrapper"><a class="et_pb_button_2 et_pb_button et_pb_bg_layout_light et_pb_module et_flex_module" href="https://www.somicmf.org/es/proyecto-ii-dia-de-la-mision-claretiana-2026/" target="_blank" data-icon="9">Proyecto II</a></div>
</div>
</div>
</div>
