{"id":7873,"date":"2026-04-17T14:50:13","date_gmt":"2026-04-17T12:50:13","guid":{"rendered":"https:\/\/www.somicmf.org\/proyecto-ii-dia-de-la-mision-claretiana-2026\/"},"modified":"2026-04-27T18:26:58","modified_gmt":"2026-04-27T16:26:58","slug":"proyecto-ii-dia-de-la-mision-claretiana-2026","status":"publish","type":"page","link":"https:\/\/www.somicmf.org\/es\/proyecto-ii-dia-de-la-mision-claretiana-2026\/","title":{"rendered":"Proyecto II &#8211; D\u00eda de la Misi\u00f3n Claretiana 2026"},"content":{"rendered":"<div class=\"et_pb_section_0 et_pb_section et_section_regular et_flex_section\">\n<div class=\"et_pb_row_0 et_pb_row et_flex_row\">\n<div class=\"et_pb_column_0 et_pb_column et-last-child et_flex_column et_pb_css_mix_blend_mode_passthrough et_flex_column_24_24 et_flex_column_24_24_tablet et_flex_column_24_24_phone\">\n<div class=\"et_pb_text_0 et_pb_text et_pb_bg_layout_light et_pb_module et_flex_module\"><div class=\"et_pb_text_inner\"><h1 style=\"text-align: center;\">Proyecto II<\/h1>\n<p><\/p>\n<h2 style=\"text-align: center;\">D\u00eda de la misi\u00f3n claretiana 2026<\/h2>\n<\/div><\/div>\n<\/div>\n<\/div>\n\n<div class=\"et_pb_row_1 et_pb_row et_flex_row\">\n<div class=\"et_pb_column_1 et_pb_column et-last-child et_flex_column et_pb_css_mix_blend_mode_passthrough et_flex_column_24_24 et_flex_column_24_24_tablet et_flex_column_24_24_phone\">\n<div class=\"et_pb_video_0 et_pb_video et_pb_module et_flex_module\"><div class=\"et_pb_video_box\"><iframe loading=\"lazy\" title=\"Proyecto 2 : Koudougou - Di\u00e1 de la Misi\u00f3n 2026\" width=\"1080\" height=\"608\" src=\"https:\/\/www.youtube.com\/embed\/LSKqszoprtY?feature=oembed\"  allow=\"accelerometer; autoplay; clipboard-write; encrypted-media; gyroscope; picture-in-picture; web-share\" referrerpolicy=\"strict-origin-when-cross-origin\" allowfullscreen><\/iframe><\/div><div class=\"et_pb_video_overlay\" style=\"background-image:url(https:\/\/www.somicmf.org\/wp-content\/uploads\/2026\/04\/ALL-2.png)\"><div class=\"et_pb_video_overlay_hover\"><a class=\"et_pb_video_play\" href=\"#\"><\/a><\/div><\/div><\/div>\n<\/div>\n<\/div>\n\n<div class=\"et_pb_row_2 et_pb_row et_flex_row\">\n<div class=\"et_pb_column_2 et_pb_column et-last-child et_flex_column et_pb_css_mix_blend_mode_passthrough et_flex_column_24_24 et_flex_column_24_24_tablet et_flex_column_24_24_phone\">\n<div class=\"et_pb_text_1 et_pb_text et_pb_bg_layout_light et_pb_module et_flex_module\"><div class=\"et_pb_text_inner\"><h1 style=\"text-align: center;\">Reconstruyendo futuros: aula de estudio y alfabetizaci\u00f3n para ni\u00f1os desplazados<\/h1>\n<\/div><\/div>\n\n<div class=\"et_pb_text_2 et_pb_text et_pb_bg_layout_light et_pb_module et_flex_module\"><div class=\"et_pb_text_inner\"><p style=\"text-align: center;\">Ubicaci\u00f3n:\u00a0<strong>Aldea de Ronsin, Departamento de Koudougou \u2013 BURKINA FASO<\/strong><br \/>Entidad solicitante:\u00a0<strong>Delegaci\u00f3n St. Jean Paul II<\/strong><br \/>Contacto local:\u00a0<strong>P. Komenan Kouame Jacob cmf, Procurador de Misiones SJP<\/strong><br \/>Duraci\u00f3n:\u00a0<strong>6 meses<\/strong><br \/>Coste total:\u00a0<strong>9.800,00 \u20ac<\/strong><\/p>\n<\/div><\/div>\n\n<div class=\"et_pb_text_3 et_pb_text et_pb_bg_layout_light et_pb_module et_flex_module\"><div class=\"et_pb_text_inner\" data-et-mv-hidden-phone=\"true\"><p style=\"text-align: center;\">En la regi\u00f3n de Koudougou, en Burkina Faso, muchos ni\u00f1os desplazados crecen en medio de la violencia, la inestabilidad y la p\u00e9rdida de sus hogares. Viviendo en campamentos temporales, enfrentan peligros diarios: mendicidad, reclutamiento por bandas, trata de personas y trabajo infantil peligroso. Las ni\u00f1as afrontan adem\u00e1s riesgos adicionales de explotaci\u00f3n sexual y matrimonios forzados. Para la mayor\u00eda, el acceso a la escuela ha desaparecido.<\/p>\n<p><\/p>\n<p style=\"text-align: center;\">Para responder a esta necesidad, los Misioneros Claretianos desean construir y equipar un aula de estudio y alfabetizaci\u00f3n en la aldea de Ronsin. Este espacio seguro y dedicado permitir\u00e1 que 50 ni\u00f1os desplazados puedan volver a aprender mediante educaci\u00f3n b\u00e1sica, apoyo en alfabetizaci\u00f3n y la distribuci\u00f3n de kits escolares.<\/p>\n<p><\/p>\n<p style=\"text-align: center;\">Al reducir el abandono escolar y ofrecer protecci\u00f3n frente a la explotaci\u00f3n, el proyecto proporcionar\u00e1 a estos ni\u00f1os no solo educaci\u00f3n, sino tambi\u00e9n dignidad, estabilidad y la posibilidad de un futuro diferente.<\/p>\n<\/div><\/div>\n<\/div>\n<\/div>\n\n<div class=\"et_pb_row_3 et_pb_row et_flex_row\">\n<div class=\"et_pb_column_3 et_pb_column et-last-child et_flex_column et_pb_css_mix_blend_mode_passthrough et_flex_column_24_24 et_flex_column_24_24_tablet et_flex_column_24_24_phone\">\n<div class=\"et_pb_module et_pb_button_module_wrapper et_pb_button_0_wrapper\"><a class=\"et_pb_button_0 et_pb_button et_pb_bg_layout_light et_pb_module et_flex_module\" href=\"https:\/\/www.paypal.com\/donate?campaign_id=69B7VQQVTXKHG\" target=\"_blank\" data-icon=\"\uf4be\">Dona ahora<\/a><\/div>\n<\/div>\n<\/div>\n\n<div class=\"et_pb_row_4 et_pb_row et_flex_row\">\n<div class=\"et_pb_column_4 et_pb_column et_flex_column et_pb_css_mix_blend_mode_passthrough et_flex_column_12_24 et_flex_column_12_24_tablet et_flex_column_24_24_phone\">\n<div class=\"et_pb_module et_pb_button_module_wrapper et_pb_button_1_wrapper\"><a class=\"et_pb_button_1 et_pb_button et_pb_bg_layout_light et_pb_module et_flex_module\" href=\"https:\/\/www.somicmf.org\/es\/proyecto-i-dia-del-mision-claretiana-2026\/\" target=\"_blank\" data-icon=\"9\">Proyecto i<\/a><\/div>\n<\/div>\n\n<div class=\"et_pb_column_5 et_pb_column et-last-child et_flex_column et_pb_css_mix_blend_mode_passthrough et_flex_column_12_24 et_flex_column_12_24_tablet et_flex_column_24_24_phone\">\n<div class=\"et_pb_module et_pb_button_module_wrapper et_pb_button_2_wrapper\"><a class=\"et_pb_button_2 et_pb_button et_pb_bg_layout_light et_pb_module et_flex_module\" href=\"https:\/\/www.somicmf.org\/project-iii-claretian-mission-day-2026\/\" target=\"_blank\" data-icon=\"9\">Proyecto III<\/a><\/div>\n<\/div>\n<\/div>\n<\/div>","protected":false},"excerpt":{"rendered":"","protected":false},"author":12,"featured_media":0,"parent":0,"menu_order":0,"comment_status":"closed","ping_status":"closed","template":"","meta":{"footnotes":""},"class_list":["post-7873","page","type-page","status-publish","hentry"],"_links":{"self":[{"href":"https:\/\/www.somicmf.org\/es\/wp-json\/wp\/v2\/pages\/7873","targetHints":{"allow":["GET"]}}],"collection":[{"href":"https:\/\/www.somicmf.org\/es\/wp-json\/wp\/v2\/pages"}],"about":[{"href":"https:\/\/www.somicmf.org\/es\/wp-json\/wp\/v2\/types\/page"}],"author":[{"embeddable":true,"href":"https:\/\/www.somicmf.org\/es\/wp-json\/wp\/v2\/users\/12"}],"replies":[{"embeddable":true,"href":"https:\/\/www.somicmf.org\/es\/wp-json\/wp\/v2\/comments?post=7873"}],"version-history":[{"count":2,"href":"https:\/\/www.somicmf.org\/es\/wp-json\/wp\/v2\/pages\/7873\/revisions"}],"predecessor-version":[{"id":7875,"href":"https:\/\/www.somicmf.org\/es\/wp-json\/wp\/v2\/pages\/7873\/revisions\/7875"}],"wp:attachment":[{"href":"https:\/\/www.somicmf.org\/es\/wp-json\/wp\/v2\/media?parent=7873"}],"curies":[{"name":"wp","href":"https:\/\/api.w.org\/{rel}","templated":true}]}}

Proyecto II &#8211; Día de la Misión Claretiana 2026

<div class="et_pb_section_0 et_pb_section et_section_regular et_flex_section">
<div class="et_pb_row_0 et_pb_row et_flex_row">
<div class="et_pb_column_0 et_pb_column et-last-child et_flex_column et_pb_css_mix_blend_mode_passthrough et_flex_column_24_24 et_flex_column_24_24_tablet et_flex_column_24_24_phone">
<div class="et_pb_text_0 et_pb_text et_pb_bg_layout_light et_pb_module et_flex_module"><div class="et_pb_text_inner"><h1 style="text-align: center;">Proyecto II</h1>
<p></p>
<h2 style="text-align: center;">Día de la misión claretiana 2026</h2>
</div></div>
</div>
</div>

<div class="et_pb_row_1 et_pb_row et_flex_row">
<div class="et_pb_column_1 et_pb_column et-last-child et_flex_column et_pb_css_mix_blend_mode_passthrough et_flex_column_24_24 et_flex_column_24_24_tablet et_flex_column_24_24_phone">
<div class="et_pb_video_0 et_pb_video et_pb_module et_flex_module"><div class="et_pb_video_box"><iframe loading="lazy" title="Proyecto 2 : Koudougou - Diá de la Misión 2026" width="1080" height="608" src="https://www.youtube.com/embed/LSKqszoprtY?feature=oembed"  allow="accelerometer; autoplay; clipboard-write; encrypted-media; gyroscope; picture-in-picture; web-share" referrerpolicy="strict-origin-when-cross-origin" allowfullscreen></iframe></div><div class="et_pb_video_overlay" style="background-image:url(https://www.somicmf.org/wp-content/uploads/2026/04/ALL-2.png)"><div class="et_pb_video_overlay_hover"><a class="et_pb_video_play" href="#"></a></div></div></div>
</div>
</div>

<div class="et_pb_row_2 et_pb_row et_flex_row">
<div class="et_pb_column_2 et_pb_column et-last-child et_flex_column et_pb_css_mix_blend_mode_passthrough et_flex_column_24_24 et_flex_column_24_24_tablet et_flex_column_24_24_phone">
<div class="et_pb_text_1 et_pb_text et_pb_bg_layout_light et_pb_module et_flex_module"><div class="et_pb_text_inner"><h1 style="text-align: center;">Reconstruyendo futuros: aula de estudio y alfabetización para niños desplazados</h1>
</div></div>

<div class="et_pb_text_2 et_pb_text et_pb_bg_layout_light et_pb_module et_flex_module"><div class="et_pb_text_inner"><p style="text-align: center;">Ubicación: <strong>Aldea de Ronsin, Departamento de Koudougou – BURKINA FASO</strong><br />Entidad solicitante: <strong>Delegación St. Jean Paul II</strong><br />Contacto local: <strong>P. Komenan Kouame Jacob cmf, Procurador de Misiones SJP</strong><br />Duración: <strong>6 meses</strong><br />Coste total: <strong>9.800,00 €</strong></p>
</div></div>

<div class="et_pb_text_3 et_pb_text et_pb_bg_layout_light et_pb_module et_flex_module"><div class="et_pb_text_inner" data-et-mv-hidden-phone="true"><p style="text-align: center;">En la región de Koudougou, en Burkina Faso, muchos niños desplazados crecen en medio de la violencia, la inestabilidad y la pérdida de sus hogares. Viviendo en campamentos temporales, enfrentan peligros diarios: mendicidad, reclutamiento por bandas, trata de personas y trabajo infantil peligroso. Las niñas afrontan además riesgos adicionales de explotación sexual y matrimonios forzados. Para la mayoría, el acceso a la escuela ha desaparecido.</p>
<p></p>
<p style="text-align: center;">Para responder a esta necesidad, los Misioneros Claretianos desean construir y equipar un aula de estudio y alfabetización en la aldea de Ronsin. Este espacio seguro y dedicado permitirá que 50 niños desplazados puedan volver a aprender mediante educación básica, apoyo en alfabetización y la distribución de kits escolares.</p>
<p></p>
<p style="text-align: center;">Al reducir el abandono escolar y ofrecer protección frente a la explotación, el proyecto proporcionará a estos niños no solo educación, sino también dignidad, estabilidad y la posibilidad de un futuro diferente.</p>
</div></div>
</div>
</div>

<div class="et_pb_row_3 et_pb_row et_flex_row">
<div class="et_pb_column_3 et_pb_column et-last-child et_flex_column et_pb_css_mix_blend_mode_passthrough et_flex_column_24_24 et_flex_column_24_24_tablet et_flex_column_24_24_phone">
<div class="et_pb_module et_pb_button_module_wrapper et_pb_button_0_wrapper"><a class="et_pb_button_0 et_pb_button et_pb_bg_layout_light et_pb_module et_flex_module" href="https://www.paypal.com/donate?campaign_id=69B7VQQVTXKHG" target="_blank" data-icon="">Dona ahora</a></div>
</div>
</div>

<div class="et_pb_row_4 et_pb_row et_flex_row">
<div class="et_pb_column_4 et_pb_column et_flex_column et_pb_css_mix_blend_mode_passthrough et_flex_column_12_24 et_flex_column_12_24_tablet et_flex_column_24_24_phone">
<div class="et_pb_module et_pb_button_module_wrapper et_pb_button_1_wrapper"><a class="et_pb_button_1 et_pb_button et_pb_bg_layout_light et_pb_module et_flex_module" href="https://www.somicmf.org/es/proyecto-i-dia-del-mision-claretiana-2026/" target="_blank" data-icon="9">Proyecto i</a></div>
</div>

<div class="et_pb_column_5 et_pb_column et-last-child et_flex_column et_pb_css_mix_blend_mode_passthrough et_flex_column_12_24 et_flex_column_12_24_tablet et_flex_column_24_24_phone">
<div class="et_pb_module et_pb_button_module_wrapper et_pb_button_2_wrapper"><a class="et_pb_button_2 et_pb_button et_pb_bg_layout_light et_pb_module et_flex_module" href="https://www.somicmf.org/project-iii-claretian-mission-day-2026/" target="_blank" data-icon="9">Proyecto III</a></div>
</div>
</div>
</div>
